{"id":7288,"date":"2026-03-04T14:05:45","date_gmt":"2026-03-04T17:05:45","guid":{"rendered":"https:\/\/ingbio.paap.cup.edu.uy\/?page_id=7288"},"modified":"2026-03-05T13:14:11","modified_gmt":"2026-03-05T16:14:11","slug":"ingreso-cenur-paysandu-salto","status":"publish","type":"page","link":"https:\/\/ingbio.paap.cup.edu.uy\/index.php\/ingreso-cenur-paysandu-salto\/","title":{"rendered":"Ingreso CENUR- Paysand\u00fa, Salto"},"content":{"rendered":"<div class=\"entry-content\" itemprop=\"text\">\n\n<p>TE RECOMENDAMOS QUE LEAS HASTA EL FINAL ESTA P\u00c1GINAS Y VISITES TODOS LOS SITIOS QUE SE REFERENCIAN, ES INFORMACI\u00d3N MUY IMPORTANTE.<\/p>\n\n\n\n<h2><strong>Requisitos de inscripci\u00f3n<\/strong><\/h2>\n<p>Los estudios preuniversitarios requeridos para ingresar a la carrera de Licenciatura en<br \/>Ingenier\u00eda Biol\u00f3gica se encuentran detallados <a href=\"https:\/\/ingbio.paap.cup.edu.uy\/wp-content\/uploads\/2025\/02\/condiciones-de-ingreso-LIB.pdf\">aqu\u00ed.<\/a><\/p>\n<div class=\"su-quote su-quote-style-default\"><div class=\"su-quote-inner su-u-clearfix su-u-trim\">Los estudiantes de Salto y Paysand\u00fa que deseen ingresar a la Licenciatura en Ingenier\u00eda Biol\u00f3gica se inscribir\u00e1n directamente a la carrera (eligiendo como sede \u00abSalto\u00bb). Aquellos que cursen el CIO Cient\u00edfico Tecnol\u00f3gico podr\u00e1n, al aprobarlo, inscribirse en la carrera y cursar las materias espec\u00edficas del primer a\u00f1o de la Licenciatura.<\/div><\/div>\n<p><a href=\"https:\/\/litoralnorte.udelar.edu.uy\/bedelia\/requisitos-de-inscripcion\">Requisitos de inscripci\u00f3n<\/a>.<\/p>\n\n\n\n<h2><strong>Actividades de generaci\u00f3n de ingreso<\/strong><\/h2>\n<p>La <strong data-start=\"893\" data-end=\"932\">charla informativa sobre la carrera<\/strong> se realizar\u00e1 el <strong data-start=\"949\" data-end=\"977\">6 de marzo a las 11:00 h<\/strong>, en modalidad <strong data-start=\"992\" data-end=\"1006\">presencial en Paysand\u00fa<\/strong>.\u00a0<\/p>\n<p><a href=\"https:\/\/www.litoralnorte.udelar.edu.uy\/images\/documentos\/Calendario_IVUGen2026.pdf\">Informaci\u00f3n sobre las actividades de Introducci\u00f3n a la Vida Universitaria.<\/a><\/p>\n<h2><strong>Horarios primer semestre<\/strong><\/h2>\n<p><a href=\"https:\/\/ingbio.paap.cup.edu.uy\/wp-content\/uploads\/2026\/02\/ing_bio-coordinacion-LIB-cursos_y_examenes-horarios-semestre_1.pdf\">Semestre 1<\/a>.<\/p>\n\n\n\n<h2><strong>Inscripci\u00f3n a cursos<\/strong><\/h2>\n<p>Eres el responsable de inscribirte a los cursos que vas a realizar en el semestre. La inscripci\u00f3n a los\u00a0<strong>cursos, parciales y ex\u00e1menes<\/strong>\u00a0la realizas con tu usuario Bedel\u00edas Udelar en\u00a0<a href=\"https:\/\/bedelias.udelar.edu.uy\/\">https:\/\/bedelias.udelar.edu.uy\/<\/a><\/p>\n<p><strong>\u00bfC\u00f3mo me inscribo a cursos y ex\u00e1menes?:<\/strong>\u00a0<a href=\"https:\/\/www.youtube.com\/watch?v=JalGequQko8\">Ver tutorial<\/a><\/p>\n\n\n\n\n\n\n<\/div>\n","protected":false},"excerpt":{"rendered":"<div class=\"entry-summary\" itemprop=\"text\">\n<p>TE RECOMENDAMOS QUE LEAS HASTA EL FINAL ESTA P\u00c1GINAS Y VISITES TODOS LOS SITIOS QUE SE REFERENCIAN, ES INFORMACI\u00d3N MUY IMPORTANTE. Requisitos de inscripci\u00f3n Los estudios preuniversitarios requeridos para ingresar a la carrera de Licenciatura enIngenier\u00eda Biol\u00f3gica se encuentran detallados aqu\u00ed. Requisitos de inscripci\u00f3n. Actividades de generaci\u00f3n de ingreso La charla informativa sobre la carrera &#8230;<\/p>\n\n<\/div>\n","protected":false},"author":1,"featured_media":0,"parent":0,"menu_order":0,"comment_status":"closed","ping_status":"closed","template":"","meta":{"footnotes":""},"class_list":["post-7288","page","type-page","status-publish","hentry","entry-lead"],"_links":{"self":[{"href":"https:\/\/ingbio.paap.cup.edu.uy\/index.php\/wp-json\/wp\/v2\/pages\/7288","targetHints":{"allow":["GET"]}}],"collection":[{"href":"https:\/\/ingbio.paap.cup.edu.uy\/index.php\/wp-json\/wp\/v2\/pages"}],"about":[{"href":"https:\/\/ingbio.paap.cup.edu.uy\/index.php\/wp-json\/wp\/v2\/types\/page"}],"author":[{"embeddable":true,"href":"https:\/\/ingbio.paap.cup.edu.uy\/index.php\/wp-json\/wp\/v2\/users\/1"}],"replies":[{"embeddable":true,"href":"https:\/\/ingbio.paap.cup.edu.uy\/index.php\/wp-json\/wp\/v2\/comments?post=7288"}],"version-history":[{"count":6,"href":"https:\/\/ingbio.paap.cup.edu.uy\/index.php\/wp-json\/wp\/v2\/pages\/7288\/revisions"}],"predecessor-version":[{"id":7342,"href":"https:\/\/ingbio.paap.cup.edu.uy\/index.php\/wp-json\/wp\/v2\/pages\/7288\/revisions\/7342"}],"wp:attachment":[{"href":"https:\/\/ingbio.paap.cup.edu.uy\/index.php\/wp-json\/wp\/v2\/media?parent=7288"}],"curies":[{"name":"wp","href":"https:\/\/api.w.org\/{rel}","templated":true}]}}