{"id":428,"date":"2015-12-16T11:10:45","date_gmt":"2015-12-16T14:10:45","guid":{"rendered":"http:\/\/192.168.0.207\/wordpress\/?page_id=428"},"modified":"2016-05-30T11:00:26","modified_gmt":"2016-05-30T14:00:26","slug":"evaluaciones","status":"publish","type":"page","link":"https:\/\/ingbio.paap.cup.edu.uy\/index.php\/investigacion\/evaluaciones\/","title":{"rendered":"Evaluaciones"},"content":{"rendered":"<div class=\"entry-content\" itemprop=\"text\">\n<ul>\n<li>Ricardo Luis Armentano Evaluador Proyecto de investigaci\u00f3n Aplicada Fondo Maria Vi\u00f1as &#8211; J\u00f3venes Investigadores. \u2013 Oct 2014. FMV_3_2013_1_100905<\/li>\n<\/ul>\n<ul>\n<li>Ricardo Luis Armentano Examiner PhD Thesis. Candidate: LINDESAY, George. Supervisor: Alberto Avolio. Macquarie University. Australia. Nov 2014.<\/li>\n<\/ul>\n<ul>\n<li>Ricardo Luis Armentano Rapporteur Javier Brum. TH\u00c8SE pour obtenir le grade de DOCTEUR DE L\u2019UNIVERSIT\u00c9 DE GRENOBLE et Facultad de Ciencias, Uruguay. Membre du Jury. Elastographie et retournement temporel des ondes de cisaillement: application a l&#8217;imagerie de solides mous. Sp\u00e9cialit\u00e9 : Physique Appliqu\u00e9. 2012.<\/li>\n<\/ul>\n<ul>\n<li>Ricardo Luis Armentano Evaluador Cient\u00edfico. Cnpq. Brasil. Proposal for INCT 2014. National Institute of Science and Technology in Medicine Assisted by Scientific Computing (INCT-MACC). 2015.<\/li>\n<\/ul>\n<ul>\n<li>Ricardo Luis Armentano Evaluador Cient\u00edfico. Cnpq. Brasil. Proposal for INCT 2014 NATIONAL INSTITUTE OF SCIENCE AND TECHNOLOGY OF STUDIES IN HEART FAILURE. 2015.<\/li>\n<\/ul>\n<ul>\n<li>Ricardo Luis Armentano Evaluador Cient\u00edfico. Physiological Measurement. PMEA-100947. 2015<\/li>\n<\/ul>\n<ul>\n<li>Ricardo Luis Armentano Evaluador Cient\u00edfico. Biomedical Physics &amp; Engineering Express. BPEX-100127. 2015<\/li>\n<\/ul>\n<ul>\n<li>Ricardo Luis Armentano Evaluador Cient\u00edfico. Materials Science and Engineering C. MSEC-D-15-00620. 2015<\/li>\n<\/ul>\n<ul>\n<li>Ricardo Luis Armentano Evaluador Cient\u00edfico. Materials Science and Engineering C. MSEC-D-15-00657. 2015<\/li>\n<\/ul>\n<ul>\n<li>Ricardo Luis Armentano Evaluador Cient\u00edfico. Medical Physics: MS #15-014R1. 2015<\/li>\n<\/ul>\n<ul>\n<li>Ricardo Luis Armentano Evaluador Cient\u00edfico. IOP Publishing. Book propopsal: TECHNICAL FUNDAMENTALS OF RADIOLOGY AND COMPUTED AXIAL TOMOGRAPHY. 2015<\/li>\n<\/ul>\n<ul>\n<li>Ricardo Luis Armentano Evaluador Cient\u00edfico. Physiological Measurement. PMEA-100190. 2014<\/li>\n<\/ul>\n<ul>\n<li>Ricardo Luis Armentano Evaluador Cient\u00edfico. Physiological Measurement. PMEA-100298. 2014<\/li>\n<\/ul>\n<ul>\n<li>Ricardo Luis Armentano Evaluador Cient\u00edfico. Physiological Measurement. PMEA-100062. 2014<\/li>\n<\/ul>\n<ul>\n<li>Ricardo Luis Armentano Evaluador Cient\u00edfico. Arteriosclerosis, Thrombosis, and Vascular Biology. ATVB\/2014\/303573D. 2014.<\/li>\n<\/ul>\n\n\n<\/div>\n","protected":false},"excerpt":{"rendered":"<div class=\"entry-summary\" itemprop=\"text\">\n<p>Ricardo Luis Armentano Evaluador Proyecto de investigaci\u00f3n Aplicada Fondo Maria Vi\u00f1as &#8211; J\u00f3venes Investigadores. \u2013 Oct 2014. FMV_3_2013_1_100905 Ricardo Luis Armentano Examiner PhD Thesis. Candidate: LINDESAY, George. Supervisor: Alberto Avolio. Macquarie University. Australia. Nov 2014. Ricardo Luis Armentano Rapporteur Javier Brum. TH\u00c8SE pour obtenir le grade de DOCTEUR DE L\u2019UNIVERSIT\u00c9 DE GRENOBLE et Facultad de &#8230;<\/p>\n\n<\/div>\n","protected":false},"author":1,"featured_media":0,"parent":67,"menu_order":0,"comment_status":"closed","ping_status":"closed","template":"","meta":{"footnotes":""},"class_list":["post-428","page","type-page","status-publish","hentry","entry-lead"],"_links":{"self":[{"href":"https:\/\/ingbio.paap.cup.edu.uy\/index.php\/wp-json\/wp\/v2\/pages\/428","targetHints":{"allow":["GET"]}}],"collection":[{"href":"https:\/\/ingbio.paap.cup.edu.uy\/index.php\/wp-json\/wp\/v2\/pages"}],"about":[{"href":"https:\/\/ingbio.paap.cup.edu.uy\/index.php\/wp-json\/wp\/v2\/types\/page"}],"author":[{"embeddable":true,"href":"https:\/\/ingbio.paap.cup.edu.uy\/index.php\/wp-json\/wp\/v2\/users\/1"}],"replies":[{"embeddable":true,"href":"https:\/\/ingbio.paap.cup.edu.uy\/index.php\/wp-json\/wp\/v2\/comments?post=428"}],"version-history":[{"count":3,"href":"https:\/\/ingbio.paap.cup.edu.uy\/index.php\/wp-json\/wp\/v2\/pages\/428\/revisions"}],"predecessor-version":[{"id":1235,"href":"https:\/\/ingbio.paap.cup.edu.uy\/index.php\/wp-json\/wp\/v2\/pages\/428\/revisions\/1235"}],"up":[{"embeddable":true,"href":"https:\/\/ingbio.paap.cup.edu.uy\/index.php\/wp-json\/wp\/v2\/pages\/67"}],"wp:attachment":[{"href":"https:\/\/ingbio.paap.cup.edu.uy\/index.php\/wp-json\/wp\/v2\/media?parent=428"}],"curies":[{"name":"wp","href":"https:\/\/api.w.org\/{rel}","templated":true}]}}