{"id":4217,"date":"2017-12-14T12:31:45","date_gmt":"2017-12-14T15:31:45","guid":{"rendered":"http:\/\/ingbio.paap.cup.edu.uy\/?page_id=4217"},"modified":"2026-03-03T10:49:51","modified_gmt":"2026-03-03T13:49:51","slug":"informacion-para-estudiantes","status":"publish","type":"page","link":"https:\/\/ingbio.paap.cup.edu.uy\/index.php\/informacion-para-estudiantes\/","title":{"rendered":"Informaci\u00f3n para estudiantes de la Licenciatura en Ingenier\u00eda Biol\u00f3gica"},"content":{"rendered":"<div class=\"entry-content\" itemprop=\"text\">\n\n\n<div class=\"su-spacer\" style=\"height:20px\"><\/div>\n<div class=\"su-row\"><div class=\"su-column su-column-size-1-2\"><div class=\"su-column-inner su-u-clearfix su-u-trim\">\n<table style=\"width: 100%; height: 210px;\">\n<tbody>\n<tr style=\"height: 42px;\">\n<td style=\"height: 42px; text-align: justify;\"><strong>Comienzo a\u00f1o lectivo 2026:\u00a0 2 de marzo<\/strong> (CENUR y FIng)<\/td>\n<\/tr>\n<tr style=\"height: 42px;\">\n<td style=\"height: 42px; text-align: justify;\">\n<p><strong>Horarios CENUR 2026<\/strong><\/p>\n<ul>\n<li>\n<p><a href=\"https:\/\/ingbio.paap.cup.edu.uy\/wp-content\/uploads\/2026\/02\/ing_bio-coordinacion-LIB-cursos_y_examenes-horarios-semestre_1.pdf\">Semestre 1<\/a>.<\/p>\n<\/li>\n<li><a href=\"https:\/\/ingbio.paap.cup.edu.uy\/wp-content\/uploads\/2026\/03\/ing_bio-coordinacion-LIB-cursos_y_examenes-horarios-semestre_3.pdf\">Semestre 3<\/a>.<\/li>\n<li><a href=\"https:\/\/ingbio.paap.cup.edu.uy\/wp-content\/uploads\/2026\/02\/ing_bio-coordinacion-LIB-cursos_y_examenes-horarios-semestre_5.pdf\">Semestre 5<\/a>.<\/li>\n<li><a href=\"https:\/\/ingbio.paap.cup.edu.uy\/wp-content\/uploads\/2026\/02\/ing_bio-coordinacion-LIB-cursos_y_examenes-horarios-semestre_7.pdf\">Semestre 7<\/a>.<\/li>\n<\/ul>\n<p><strong>Horarios FING 2026<\/strong><\/p>\n<p><a href=\"https:\/\/www.fing.edu.uy\/es\/bedelia\/horarios\">Horarios Fing 2026.<\/a><\/p>\n<p>Correcci\u00f3n: el horario de TALLER DE INGENIERIA BIOLOGICA I es incorrecto. Ver EVA del curso (<a href=\"https:\/\/eva.interior.udelar.edu.uy\/course\/view.php?id=657\">link<\/a>).<\/p>\n<\/td>\n<\/tr>\n<tr style=\"height: 42px; text-align: justify;\">\n<td style=\"height: 42px;\"><strong>Calendario de ex\u00e1menes e inscripciones: <br \/><\/strong>\n<ul>\n<li>El calendario de ex\u00e1menes, y los per\u00edodos de inscripci\u00f3n a ex\u00e1menes y cursos pueden consultarse en\u00a0el <a href=\"https:\/\/bedelias.udelar.edu.uy\/\">SGAE<\/a>.<\/li>\n<li>\u00bfC\u00f3mo inscribirse a un examen en el Sistema de Bedel\u00edas?<\/li>\n<\/ul>\n<div class=\"su-youtube su-u-responsive-media-yes\"><iframe loading=\"lazy\" width=\"600\" height=\"400\" src=\"https:\/\/www.youtube.com\/embed\/9N2pRrx1yMM?\" frameborder=\"0\" allowfullscreen allow=\"autoplay; encrypted-media; picture-in-picture\" title=\"\"><\/iframe><\/div>\n<\/td>\n<\/tr>\n<tr style=\"height: 42px; text-align: justify;\">\n<td style=\"height: 42px;\"><strong>Salas y Aulas de dictado de clases<\/strong><br \/><a href=\"https:\/\/ingbio.paap.cup.edu.uy\/index.php\/salas-y-aulas-de-dictado-de-clases\/\">Ampliar informaci\u00f3n<\/a><\/td>\n<\/tr>\n<tr style=\"height: 42px; text-align: justify;\">\n<td style=\"height: 42px;\">\n<p><strong>Informaci\u00f3n de inter\u00e9s:<\/strong><strong><br \/><em>\u2022 Sistema de Gesti\u00f3n de Bedel\u00edas de la Universidad (SGB)<\/em><\/strong><br \/>A trav\u00e9s del SGB los estudiantes se inscriben a los cursos y ex\u00e1menes y pueden obtener informaci\u00f3n de su trayectoria acad\u00e9mica (calificaciones, resultados de ex\u00e1menes, etc).<br \/><a href=\"https:\/\/ingbio.paap.cup.edu.uy\/index.php\/2017\/12\/20\/uso-del-sistema-de-gestion-de-bedelias-sgb\/\">Ampliar informaci\u00f3n<\/a><em><strong>\u2022 Entorno virtual de Aprendizaje de la Universidad (EVA)<\/strong><\/em><br \/>Es una plataforma educativa que permite el desarrollo de cursos en modalidad semipresencial, as\u00ed como la disposici\u00f3n en l\u00ednea de Recursos Educativos.<br \/><a href=\"https:\/\/ingbio.paap.cup.edu.uy\/index.php\/uso-del-entorno-virtual-de-aprendizaje-eva\/\">Ampliar informaci\u00f3n<\/a><br \/><strong><em>\u2022 P\u00e1gina EVA del Ciclo Inicial de Matem\u00e1tica (CENUR Litoral Norte)<\/em><\/strong><br \/>con informaci\u00f3n de cursos:<br \/><a href=\"https:\/\/eva.unorte.edu.uy\/course\/view.php?id=857\">https:\/\/eva.unorte.edu.uy\/course\/view.php?id=857<\/a><br \/><strong><em>\u2022 P\u00e1gina de la Comisi\u00f3n de Carrera (CC)<\/em><\/strong><br \/>La Comisi\u00f3n de Carrera es una comisi\u00f3n especial de car\u00e1cter permanente que asesora en su materia al Consejo y a la Comisi\u00f3n General de Evaluaci\u00f3n, teniendo capacidad de iniciativa y participaci\u00f3n en la implementaci\u00f3n de los correspondientes planes.<br \/><a href=\"https:\/\/eva.interior.udelar.edu.uy\/course\/view.php?id=619\">Ampliar informaci\u00f3n<\/a><\/p>\n<\/td>\n<\/tr>\n<\/tbody>\n<\/table>\n<h4><strong>INFORMACI\u00d3N GENERAL<\/strong><\/h4>\n<div class=\"su-spacer\" style=\"height:20px\"><\/div><div class=\"su-spacer\" style=\"height:20px\"><\/div><div class=\"su-spacer\" style=\"height:20px\"><\/div>\n<\/div><\/div><div class=\"su-column su-column-size-1-2\"><div class=\"su-column-inner su-u-clearfix su-u-trim\">\n<h4><strong>INFORMACI\u00d3N PARA ESTUDIANTES DE 1ER. A\u00d1O<\/strong><\/h4>\n<h4><div class=\"su-spacer\" style=\"height:20px\"><\/div><\/h4>\n<div><\/div>\n<div><div class=\"su-spacer\" style=\"height:20px\"><\/div><\/div>\n<div><\/div>\n<div><div class=\"su-spacer\" style=\"height:20px\"><\/div><\/div>\n<div><\/div>\n<div>\u00a0<\/div>\n<h3>\u00a0<\/h3>\n<div>\u00a0<\/div>\n<div><div class=\"su-spacer\" style=\"height:30px\"><\/div><\/div>\n<div>\n<style><\/style><div class=\"wplp_outside wplp_widget_4771\" style=\"max-width:100%;\"><span class=\"wpcu_block_title\">Novedades para estudiantes<\/span><div id=\"wplp_widget_4771\" class=\"wplp_widget_default wplp_container vertical swiper wplp-swiper default cols1\" data-theme=\"default\" data-post=\"4771\" style=\"\" data-max-elts=\"8\" data-per-page=\"10\"><div class=\"wplp_listposts swiper-wrapper\" id=\"default_4771\" style=\"width: 100%;\" ><div class=\"swiper-slide\" style=\"\"><div class=\"insideframe\"><div id=\"wplp_box_top_4771_6770\" class=\"wpcu-front-box top equalHeightImg\" ><div class=\"wplp-box-item\"><a href=\"https:\/\/ingbio.paap.cup.edu.uy\/index.php\/2021\/12\/13\/6770\/\"  class=\"title\">Inscripciones y desistimientos a ex\u00e1menes que cierran esta semana<\/a><\/div><\/div><div id=\"wplp_box_left_4771_6770\" class=\"wpcu-front-box left wpcu-custom-position\" ><div class=\"wplp-box-item\"><\/div><\/div><div id=\"wplp_box_right_4771_6770\" class=\"wpcu-front-box right wpcu-custom-position\" ><div class=\"wplp-box-item\"><\/div><\/div><div id=\"wplp_box_bottom_4771_6770\" class=\"wpcu-front-box bottom \" ><div class=\"wplp-box-item\"><span class=\"custom_fields\">\n<!-- WPLP Unknown field: Custom_Fields -->\n<\/span><\/div><\/div><\/div><\/div><div class=\"swiper-slide\" style=\"\"><div class=\"insideframe\"><div id=\"wplp_box_top_4771_6754\" class=\"wpcu-front-box top equalHeightImg\" ><div class=\"wplp-box-item\"><a href=\"https:\/\/ingbio.paap.cup.edu.uy\/index.php\/2021\/12\/06\/estudiantes-charlas-informativas-de-fin-de-ano-con-los-referentes-de-cada-semestre\/\"  class=\"title\">Estudiantes: charlas informativas de fin de a\u00f1o con los referentes de cada semestre.<\/a><\/div><\/div><div id=\"wplp_box_left_4771_6754\" class=\"wpcu-front-box left wpcu-custom-position\" ><div class=\"wplp-box-item\"><\/div><\/div><div id=\"wplp_box_right_4771_6754\" class=\"wpcu-front-box right wpcu-custom-position\" ><div class=\"wplp-box-item\"><\/div><\/div><div id=\"wplp_box_bottom_4771_6754\" class=\"wpcu-front-box bottom \" ><div class=\"wplp-box-item\"><span class=\"custom_fields\">\n<!-- WPLP Unknown field: Custom_Fields -->\n<\/span><\/div><\/div><\/div><\/div><div class=\"swiper-slide\" style=\"\"><div class=\"insideframe\"><div id=\"wplp_box_top_4771_6744\" class=\"wpcu-front-box top equalHeightImg\" ><div class=\"wplp-box-item\"><a href=\"https:\/\/ingbio.paap.cup.edu.uy\/index.php\/2021\/12\/06\/examenes-inscripcionesdesistimientos-que-cierran-esta-semana\/\"  class=\"title\">EX\u00c1MENES: inscripciones\/desistimientos que cierran esta semana<\/a><\/div><\/div><div id=\"wplp_box_left_4771_6744\" class=\"wpcu-front-box left wpcu-custom-position\" ><div class=\"wplp-box-item\"><\/div><\/div><div id=\"wplp_box_right_4771_6744\" class=\"wpcu-front-box right wpcu-custom-position\" ><div class=\"wplp-box-item\"><\/div><\/div><div id=\"wplp_box_bottom_4771_6744\" class=\"wpcu-front-box bottom \" ><div class=\"wplp-box-item\"><span class=\"custom_fields\">\n<!-- WPLP Unknown field: Custom_Fields -->\n<\/span><\/div><\/div><\/div><\/div><div class=\"swiper-slide\" style=\"\"><div class=\"insideframe\"><div id=\"wplp_box_top_4771_6739\" class=\"wpcu-front-box top equalHeightImg\" ><div class=\"wplp-box-item\"><a href=\"https:\/\/ingbio.paap.cup.edu.uy\/index.php\/2021\/11\/23\/calendario-de-examenes-cim\/\"  class=\"title\">Calendario de ex\u00e1menes: CIM<\/a><\/div><\/div><div id=\"wplp_box_left_4771_6739\" class=\"wpcu-front-box left wpcu-custom-position\" ><div class=\"wplp-box-item\"><\/div><\/div><div id=\"wplp_box_right_4771_6739\" class=\"wpcu-front-box right wpcu-custom-position\" ><div class=\"wplp-box-item\"><\/div><\/div><div id=\"wplp_box_bottom_4771_6739\" class=\"wpcu-front-box bottom \" ><div class=\"wplp-box-item\"><span class=\"custom_fields\">\n<!-- WPLP Unknown field: Custom_Fields -->\n<\/span><\/div><\/div><\/div><\/div><div class=\"swiper-slide\" style=\"\"><div class=\"insideframe\"><div id=\"wplp_box_top_4771_6735\" class=\"wpcu-front-box top equalHeightImg\" ><div class=\"wplp-box-item\"><a href=\"https:\/\/ingbio.paap.cup.edu.uy\/index.php\/2021\/11\/23\/6735\/\"  class=\"title\">Calendario de ex\u00e1menes: CIO CT<\/a><\/div><\/div><div id=\"wplp_box_left_4771_6735\" class=\"wpcu-front-box left wpcu-custom-position\" ><div class=\"wplp-box-item\"><\/div><\/div><div id=\"wplp_box_right_4771_6735\" class=\"wpcu-front-box right wpcu-custom-position\" ><div class=\"wplp-box-item\"><\/div><\/div><div id=\"wplp_box_bottom_4771_6735\" class=\"wpcu-front-box bottom \" ><div class=\"wplp-box-item\"><span class=\"custom_fields\">\n<!-- WPLP Unknown field: Custom_Fields -->\n<\/span><\/div><\/div><\/div><\/div><div class=\"swiper-slide\" style=\"\"><div class=\"insideframe\"><div id=\"wplp_box_top_4771_6731\" class=\"wpcu-front-box top equalHeightImg\" ><div class=\"wplp-box-item\"><a href=\"https:\/\/ingbio.paap.cup.edu.uy\/index.php\/2021\/11\/17\/estudiantes-fing-calendario-tentativo-de-examenes\/\"  class=\"title\">Estudiantes FING: calendario tentativo de ex\u00e1menes<\/a><\/div><\/div><div id=\"wplp_box_left_4771_6731\" class=\"wpcu-front-box left wpcu-custom-position\" ><div class=\"wplp-box-item\"><\/div><\/div><div id=\"wplp_box_right_4771_6731\" class=\"wpcu-front-box right wpcu-custom-position\" ><div class=\"wplp-box-item\"><\/div><\/div><div id=\"wplp_box_bottom_4771_6731\" class=\"wpcu-front-box bottom \" ><div class=\"wplp-box-item\"><span class=\"custom_fields\">\n<!-- WPLP Unknown field: Custom_Fields -->\n<\/span><\/div><\/div><\/div><\/div><div class=\"swiper-slide\" style=\"\"><div class=\"insideframe\"><div id=\"wplp_box_top_4771_6724\" class=\"wpcu-front-box top equalHeightImg\" ><div class=\"wplp-box-item\"><a href=\"https:\/\/ingbio.paap.cup.edu.uy\/index.php\/2021\/11\/12\/calendario-de-segundos-parciales-cio-ct\/\"  class=\"title\">Calendario de segundos parciales CIO CT<\/a><\/div><\/div><div id=\"wplp_box_left_4771_6724\" class=\"wpcu-front-box left wpcu-custom-position\" ><div class=\"wplp-box-item\"><\/div><\/div><div id=\"wplp_box_right_4771_6724\" class=\"wpcu-front-box right wpcu-custom-position\" ><div class=\"wplp-box-item\"><\/div><\/div><div id=\"wplp_box_bottom_4771_6724\" class=\"wpcu-front-box bottom \" ><div class=\"wplp-box-item\"><span class=\"custom_fields\">\n<!-- WPLP Unknown field: Custom_Fields -->\n<\/span><\/div><\/div><\/div><\/div><div class=\"swiper-slide\" style=\"\"><div class=\"insideframe\"><div id=\"wplp_box_top_4771_6718\" class=\"wpcu-front-box top equalHeightImg\" ><div class=\"wplp-box-item\"><a href=\"https:\/\/ingbio.paap.cup.edu.uy\/index.php\/2021\/11\/12\/calendario-parciales-fing\/\"  class=\"title\">Calendario parciales FING<\/a><\/div><\/div><div id=\"wplp_box_left_4771_6718\" class=\"wpcu-front-box left wpcu-custom-position\" ><div class=\"wplp-box-item\"><\/div><\/div><div id=\"wplp_box_right_4771_6718\" class=\"wpcu-front-box right wpcu-custom-position\" ><div class=\"wplp-box-item\"><\/div><\/div><div id=\"wplp_box_bottom_4771_6718\" class=\"wpcu-front-box bottom \" ><div class=\"wplp-box-item\"><span class=\"custom_fields\">\n<!-- WPLP Unknown field: Custom_Fields -->\n<\/span><\/div><\/div><\/div><\/div><\/div><div class=\"swiper-button-next\"><\/div><div class=\"swiper-button-prev\"><\/div><div class=\"swiper-pagination\"><\/div><\/div><\/div>\n<\/div>\n<\/div><\/div><\/div>\n\n<\/div>\n","protected":false},"excerpt":{"rendered":"","protected":false},"author":1,"featured_media":0,"parent":0,"menu_order":0,"comment_status":"closed","ping_status":"closed","template":"","meta":{"footnotes":""},"class_list":["post-4217","page","type-page","status-publish","hentry","entry-lead"],"_links":{"self":[{"href":"https:\/\/ingbio.paap.cup.edu.uy\/index.php\/wp-json\/wp\/v2\/pages\/4217","targetHints":{"allow":["GET"]}}],"collection":[{"href":"https:\/\/ingbio.paap.cup.edu.uy\/index.php\/wp-json\/wp\/v2\/pages"}],"about":[{"href":"https:\/\/ingbio.paap.cup.edu.uy\/index.php\/wp-json\/wp\/v2\/types\/page"}],"author":[{"embeddable":true,"href":"https:\/\/ingbio.paap.cup.edu.uy\/index.php\/wp-json\/wp\/v2\/users\/1"}],"replies":[{"embeddable":true,"href":"https:\/\/ingbio.paap.cup.edu.uy\/index.php\/wp-json\/wp\/v2\/comments?post=4217"}],"version-history":[{"count":108,"href":"https:\/\/ingbio.paap.cup.edu.uy\/index.php\/wp-json\/wp\/v2\/pages\/4217\/revisions"}],"predecessor-version":[{"id":7271,"href":"https:\/\/ingbio.paap.cup.edu.uy\/index.php\/wp-json\/wp\/v2\/pages\/4217\/revisions\/7271"}],"wp:attachment":[{"href":"https:\/\/ingbio.paap.cup.edu.uy\/index.php\/wp-json\/wp\/v2\/media?parent=4217"}],"curies":[{"name":"wp","href":"https:\/\/api.w.org\/{rel}","templated":true}]}}