{"id":3334,"date":"2017-08-14T16:04:20","date_gmt":"2017-08-14T19:04:20","guid":{"rendered":"http:\/\/ingbio.paap.cup.edu.uy\/?page_id=3334"},"modified":"2026-03-05T13:18:14","modified_gmt":"2026-03-05T16:18:14","slug":"inscripciones","status":"publish","type":"page","link":"https:\/\/ingbio.paap.cup.edu.uy\/index.php\/inscripciones\/","title":{"rendered":"Inscripciones 2026"},"content":{"rendered":"<div class=\"entry-content\" itemprop=\"text\">\n<div>\n<p><em>Las <strong>inscripciones de ingreso a la Universidad de la Rep\u00fablica <\/strong>para el a\u00f1o 2026 se registrar\u00e1n por modalidad on-line, <\/em>\u00a0entre el 4<em> y 26 de febrero.<\/em><\/p>\n<p><strong>El primer semestre comienza el 2 de marzo de 2026.<\/strong><\/p>\n<div class=\"su-column su-column-size-1-4\"><div class=\"su-column-inner su-u-clearfix su-u-trim\"><div class=\"su-spacer\" style=\"height:20px\"><\/div>\n<div class=\"su-column su-column-size-1-4\"><div class=\"su-column-inner su-u-clearfix su-u-trim\"><\/div><\/div><div class=\"su-spacer\" style=\"height:20px\"><\/div>\n<div class=\"su-row\">\n<p><strong>Formulario Estad\u00edstico de Grado (OBLIGATORIO)<br \/>\n<\/strong><\/p>\n<ul>\n<li>Cada estudiante (luego de inscribirse) <strong>deber\u00e1<\/strong> completar un formulario de la Direcci\u00f3n General de Planeamiento \u2013 Divisi\u00f3n Estad\u00edstica, en forma online desde <a href=\"https:\/\/formularios.udelar.edu.uy\/forma\/\">https:\/\/formularios.udelar.edu.uy\/forma\/<\/a>.<\/li>\n<li>En caso de no hacerlo <strong>quedar\u00e1 suspendido.<\/strong><\/li>\n<li>El formulario se debe completar todos los a\u00f1os de manera obligatoria.<\/li>\n<\/ul>\n<\/div>\n<div>\n<p><strong>Horarios CENUR 2026<\/strong><\/p>\n<ul>\n<li><a href=\"https:\/\/ingbio.paap.cup.edu.uy\/wp-content\/uploads\/2026\/02\/ing_bio-coordinacion-LIB-cursos_y_examenes-horarios-semestre_1.pdf\">Semestre 1<\/a>.<\/li>\n<li><a href=\"https:\/\/ingbio.paap.cup.edu.uy\/wp-content\/uploads\/2026\/03\/ing_bio-coordinacion-LIB-cursos_y_examenes-horarios-semestre_3.pdf\">Semestre 3<\/a>.<\/li>\n<li><a href=\"https:\/\/ingbio.paap.cup.edu.uy\/wp-content\/uploads\/2026\/02\/ing_bio-coordinacion-LIB-cursos_y_examenes-horarios-semestre_5.pdf\">Semestre 5<\/a>.<\/li>\n<li><a href=\"https:\/\/ingbio.paap.cup.edu.uy\/wp-content\/uploads\/2026\/02\/ing_bio-coordinacion-LIB-cursos_y_examenes-horarios-semestre_7.pdf\">Semestre 7<\/a>.<\/li>\n<\/ul>\n<p><strong>Horarios FING 2026<\/strong><\/p>\n<p><a href=\"https:\/\/www.fing.edu.uy\/es\/bedelia\/horarios\">Horarios Fing 2026.<\/a><\/p>\n<p>Correcci\u00f3n: el horario de TALLER DE INGENIERIA BIOLOGICA I es incorrecto. Ver EVA del curso (<a href=\"https:\/\/eva.interior.udelar.edu.uy\/course\/view.php?id=657\">link<\/a>).<\/p>\n<p><strong>Por cualquier consulta comunicarse con la Coordinaci\u00f3n del primer a\u00f1o.<\/strong><\/p>\n<p><a href=\"https:\/\/ingbio.paap.cup.edu.uy\/wp-content\/uploads\/2015\/12\/lu-web-foto.jpg\"><img loading=\"lazy\" decoding=\"async\" class=\"alignleft wp-image-5864 size-thumbnail\" src=\"https:\/\/ingbio.paap.cup.edu.uy\/wp-content\/uploads\/2015\/12\/lu-web-foto-150x150.jpg\" alt=\"\" width=\"150\" height=\"150\" srcset=\"https:\/\/ingbio.paap.cup.edu.uy\/wp-content\/uploads\/2015\/12\/lu-web-foto-150x150.jpg 150w, https:\/\/ingbio.paap.cup.edu.uy\/wp-content\/uploads\/2015\/12\/lu-web-foto-300x300.jpg 300w, https:\/\/ingbio.paap.cup.edu.uy\/wp-content\/uploads\/2015\/12\/lu-web-foto-768x768.jpg 768w, https:\/\/ingbio.paap.cup.edu.uy\/wp-content\/uploads\/2015\/12\/lu-web-foto-1024x1024.jpg 1024w, https:\/\/ingbio.paap.cup.edu.uy\/wp-content\/uploads\/2015\/12\/lu-web-foto-2000x2000.jpg 2000w, https:\/\/ingbio.paap.cup.edu.uy\/wp-content\/uploads\/2015\/12\/lu-web-foto-75x75.jpg 75w\" sizes=\"auto, (max-width: 150px) 100vw, 150px\" \/><\/a><strong>Luc\u00eda Lemes<\/strong><br \/>\n(&#108;l&#x65;m&#x65;&#115;&#x40;&#99;&#x75;&#112;&#46;&#x65;d&#x75;&#46;&#x75;&#121;)<\/p>\n<\/div>\n<\/div>\n<hr \/>\n<div>\n<div class=\"su-row\"><\/div>\n<\/div>\n<div>\n<ul>\n<li><a href=\"https:\/\/litoralnorte.udelar.edu.uy\/administracion\/adm-de-la-ensenanza\" target=\"_blank\" rel=\"noopener noreferrer\">Bedel\u00eda - CENUR Litoral Norte\u00a0<\/a><\/li>\n<\/ul>\n<p><strong>Bedel\u00eda del Centro Universitario Regional Litoral Norte, Sede Salto.<\/strong><\/p>\n<p>Direcci\u00f3n: Rivera 1350 - Salto. 47334816 int 128- 144<br \/>\nCorreos:<\/p>\n<ul>\n<li><a href=\"&#109;&#x61;i&#x6c;&#x74;&#111;&#x3a;b&#x65;&#x64;&#101;&#x6c;i&#x61;&#x40;&#117;&#x6e;o&#x72;&#x74;&#101;&#x2e;e&#x64;&#x75;&#46;&#x75;y\">&#x62;&#101;&#100;e&#x6c;&#x69;&#97;&#64;&#x75;&#x6e;&#111;rt&#x65;&#46;&#101;d&#x75;&#x2e;&#117;y<\/a><\/li>\n<li><span id=\"OBJ_PREFIX_DWT60_ZmEmailObjectHandler\" class=\"Object\" role=\"link\"><span id=\"OBJ_PREFIX_DWT62_ZmEmailObjectHandler\" class=\"Object\" role=\"link\"><span id=\"cloak7e3093c8785b82d8c6837543b0725fa4\"><a href=\"mailto&#58;&#105;&#110;&#103;&#114;&#101;&#115;&#x6f;&#x73;&#x2e;&#x73;&#x61;&#x6c;&#x74;&#x6f;&#x40;&#x6c;&#x69;&#x74;oralno&#114;&#116;&#101;&#46;&#117;&#100;&#101;&#x6c;&#x61;&#x72;&#x2e;&#x65;&#x64;&#x75;&#x2e;&#x75;&#x79;\">&#105;&#x6e;&#x67;&#114;&#x65;&#x73;o&#x73;&#x2e;s&#97;&#x6c;t&#111;&#x40;l&#105;&#x74;o&#114;&#x61;l&#110;&#x6f;&#x72;&#116;&#x65;&#x2e;&#117;&#x64;&#x65;l&#x61;&#x72;&#46;&#101;&#x64;u&#46;&#x75;y<\/a><\/span><\/span><\/span><br \/>\n<span id=\"cloak9445801d396f3de6366494c6bf443b28\"><\/span><\/li>\n<\/ul>\n<p><strong>Horario de atenci\u00f3n al p\u00fablico<\/strong><\/p>\n<p><span dir=\"ltr\" role=\"presentation\">\u00a0Lunes, Mi\u00e9rcoles y Viernes de\u00a014h a 15h,\u00a0por <\/span><a href=\"https:\/\/agendaweb.udelar.edu.uy\/ReservaWeb\/faces\/index.xhtml\"><span dir=\"ltr\" role=\"presentation\">agenda web. <\/span><\/a><\/p>\n<\/div>\n<hr \/>\n<h1 id=\"ir-a-Paysand\u00fa\" style=\"text-align: left;\"><\/h1>\n<div>\n<div class=\"su-row\"><\/div><div class=\"su-column su-column-size-1-3\"><div class=\"su-column-inner su-u-clearfix su-u-trim\"><\/div><\/div> \u00a0<\/div><\/div>\n<div class=\"su-column su-column-size-2-3\"><div class=\"su-column-inner su-u-clearfix su-u-trim\"><div class=\"su-note\"  style=\"border-color:#c8c6c6;\"><div class=\"su-note-inner su-u-clearfix su-u-trim\" style=\"background-color:#e2e0e0;border-color:#ffffff;color:#000000;\"><\/div><\/div>\n<ul>\n<li><a href=\"https:\/\/litoralnorte.udelar.edu.uy\/administracion\/adm-de-la-ensenanza\" target=\"_blank\" rel=\"noopener noreferrer\">Bedel\u00eda - CENUR Litoral Norte\u00a0<\/a><\/li>\n<\/ul>\n<p><strong>Bedel\u00eda del\u00a0Centro Universitario Regional Litoral Norte, Sede Paysand\u00fa.<\/strong><\/p>\n<p>Direcci\u00f3n: Florida 1065 -\u00a04722 2291 - 4723 8342 int 108<br \/>\nCorreos:<\/p>\n<ul>\n<li><a href=\"&#x6d;a&#x69;&#108;t&#x6f;&#58;&#x62;&#x65;d&#x65;&#108;i&#x61;&#115;&#x40;&#99;u&#x70;&#46;e&#x64;&#117;&#x2e;&#117;y\">b&#101;&#x64;&#x65;l&#105;&#97;&#x73;&#x40;c&#117;&#x70;&#x2e;e&#100;&#117;&#x2e;&#x75;y<br \/>\n<\/a><\/li>\n<li><span dir=\"ltr\" role=\"presentation\"><span id=\"cloak49574822db9b4c88dd5e3b8eacc8f305\"><a href=\"m&#97;&#x69;&#x6c;&#x74;o&#58;&#x69;&#x6e;&#x67;r&#101;&#x73;&#x6f;&#x73;p&#97;&#x79;&#x73;&#x61;n&#100;&#x75;&#x40;&#x6c;i&#116;&#x6f;&#x72;&#x61;l&#110;&#x6f;&#x72;&#x74;e&#46;&#x75;&#x64;&#x65;l&#97;&#x72;&#x2e;&#x65;d&#117;&#x2e;&#x75;&#x79;\">ingresos.paysandu@lit<\/a><\/span><\/span><span dir=\"ltr\" role=\"presentation\"><span id=\"cloak9445801d396f3de6366494c6bf443b28\"><a href=\"m&#97;&#105;&#x6c;&#x74;&#x6f;:i&#110;&#103;&#x72;&#x65;&#x73;o&#115;&#112;&#97;&#x79;&#x73;&#x61;n&#100;&#117;&#x40;&#x6c;&#x69;to&#114;&#97;&#x6c;&#x6e;&#x6f;r&#116;&#101;&#46;&#x75;&#x64;&#x65;l&#97;&#114;&#x2e;&#x65;&#x64;u&#46;&#117;&#121;\">oralnorte.udelar.edu.uy<\/a><\/span><\/span><span id=\"cloak9445801d396f3de6366494c6bf443b28\"><\/span><\/li>\n<\/ul>\n<p><strong>Horario de atenci\u00f3n al p\u00fablico<\/strong><\/p>\n<p><span dir=\"ltr\" role=\"presentation\">Lunes, Mi\u00e9rcoles y Viernes de<\/span><span dir=\"ltr\" role=\"presentation\">\u00a0<\/span><span dir=\"ltr\" role=\"presentation\">11 horas a 12 horas,<\/span><span dir=\"ltr\" role=\"presentation\">\u00a0<\/span><span dir=\"ltr\" role=\"presentation\">por\u00a0<\/span><a href=\"https:\/\/agendaweb.udelar.edu.uy\/ReservaWeb\/faces\/index.xhtml\"><span dir=\"ltr\" role=\"presentation\">agenda web. <\/span><\/a><\/p>\n<\/div>\n<hr \/>\n<h1 id=\"ir-a-Montevideo\"><\/h1>\n<div class=\"su-row\"><\/div><div class=\"su-column su-column-size-1-3\"><div class=\"su-column-inner su-u-clearfix su-u-trim\"><\/div><\/div>\u00a0<\/div><\/div>\n<div class=\"su-column su-column-size-2-3\"><div class=\"su-column-inner su-u-clearfix su-u-trim\"><div class=\"su-note\"  style=\"border-color:#c8c6c6;\"><div class=\"su-note-inner su-u-clearfix su-u-trim\" style=\"background-color:#e2e0e0;border-color:#ffffff;color:#000000;\">\n<div>\n<p><strong>Ampliar informaci\u00f3n<\/strong><\/p>\n<ul>\n<li><a href=\"https:\/\/www.fing.edu.uy\/bedelia\" target=\"_blank\" rel=\"noopener noreferrer\">Bedel\u00eda de Facultad de Ingenier\u00eda<\/a><\/li>\n<\/ul>\n<p>Departamento de Bedel\u00eda de la Facultad de Ingenier\u00eda.<br \/>\nDirecci\u00f3n: Julio Herrera y Reissig 565<br \/>\nHorario de atenci\u00f3n al p\u00fablico: de lunes a viernes de 08 a 12 hs. y los martes de 16:30 a 18:30 hs.<br \/>\nDurante el mes de enero la atenci\u00f3n es \u00fanicamente de 8:00 a 12:00hs<br \/>\nConsultar<\/p>\n<p>Correo Electr\u00f3nico:\u00a0<a href=\"&#109;&#x61;i&#108;&#x74;o&#x3a;&#x62;&#101;&#x64;e&#108;&#x69;a&#64;&#x66;&#105;&#x6e;g&#46;&#x65;d&#117;&#x2e;&#117;&#x79;\">b&#101;&#x64;&#x65;l&#105;&#x61;&#x40;f&#105;&#110;&#x67;&#x2e;e&#100;&#x75;&#x2e;u&#121;<br \/>\n<\/a>Web: <a href=\"https:\/\/www.fing.edu.uy\/bedelia\" target=\"_blank\" rel=\"noopener noreferrer\">Bedel\u00eda de Facultad de Ingenier\u00eda<\/a><\/p>\n<\/div><\/div><\/div><\/div>[\/su_row]\n<\/div>\n<div class=\"su-row\">\n<div class=\"su-column su-column-size-2-3\"><div class=\"su-column-inner su-u-clearfix su-u-trim\"><a href=\"http:\/\/www.ingenieriabiologica.cup.edu.uy\"><br \/>\n<\/a>Correo electr\u00f3nico de la Licenciatura: <a href=\"&#109;a&#x69;l&#x74;o&#x3a;i&#x6e;&#103;&#x65;&#110;&#x69;&#101;&#x72;&#105;a&#98;i&#x6f;l&#x6f;g&#x69;&#99;&#x61;&#64;&#x63;&#117;&#x70;&#46;&#x65;&#100;u&#46;u&#x79;\">i&#110;&#103;&#x65;&#x6e;i&#101;&#114;&#x69;&#x61;&#x62;i&#111;&#108;&#x6f;&#x67;ic&#97;&#x40;&#x63;&#x75;p&#46;&#101;&#x64;&#x75;&#46;u&#121;<\/a><\/div><\/div>\n<div class=\"su-column su-column-size-1-3\"><div class=\"su-column-inner su-u-clearfix su-u-trim\"><\/div><\/div>\n<\/div>\n\n\n<\/div>\n","protected":false},"excerpt":{"rendered":"<div class=\"entry-summary\" itemprop=\"text\">\n<p>Las inscripciones de ingreso a la Universidad de la Rep\u00fablica para el a\u00f1o 2026 se registrar\u00e1n por modalidad on-line, \u00a0entre el 4 y 26 de febrero. El primer semestre comienza el 2 de marzo de 2026. [\/su_row]<\/p>\n\n<\/div>\n","protected":false},"author":1,"featured_media":0,"parent":0,"menu_order":0,"comment_status":"closed","ping_status":"closed","template":"","meta":{"footnotes":""},"class_list":["post-3334","page","type-page","status-publish","hentry","entry-lead"],"_links":{"self":[{"href":"https:\/\/ingbio.paap.cup.edu.uy\/index.php\/wp-json\/wp\/v2\/pages\/3334","targetHints":{"allow":["GET"]}}],"collection":[{"href":"https:\/\/ingbio.paap.cup.edu.uy\/index.php\/wp-json\/wp\/v2\/pages"}],"about":[{"href":"https:\/\/ingbio.paap.cup.edu.uy\/index.php\/wp-json\/wp\/v2\/types\/page"}],"author":[{"embeddable":true,"href":"https:\/\/ingbio.paap.cup.edu.uy\/index.php\/wp-json\/wp\/v2\/users\/1"}],"replies":[{"embeddable":true,"href":"https:\/\/ingbio.paap.cup.edu.uy\/index.php\/wp-json\/wp\/v2\/comments?post=3334"}],"version-history":[{"count":186,"href":"https:\/\/ingbio.paap.cup.edu.uy\/index.php\/wp-json\/wp\/v2\/pages\/3334\/revisions"}],"predecessor-version":[{"id":7346,"href":"https:\/\/ingbio.paap.cup.edu.uy\/index.php\/wp-json\/wp\/v2\/pages\/3334\/revisions\/7346"}],"wp:attachment":[{"href":"https:\/\/ingbio.paap.cup.edu.uy\/index.php\/wp-json\/wp\/v2\/media?parent=3334"}],"curies":[{"name":"wp","href":"https:\/\/api.w.org\/{rel}","templated":true}]}}