{"id":1563,"date":"2016-06-01T09:51:10","date_gmt":"2016-06-01T12:51:10","guid":{"rendered":"http:\/\/ingbio.paap.cup.edu.uy\/?page_id=1563"},"modified":"2016-06-01T09:52:18","modified_gmt":"2016-06-01T12:52:18","slug":"formacion-de-rrhh","status":"publish","type":"page","link":"https:\/\/ingbio.paap.cup.edu.uy\/index.php\/ensenanza\/ensenanza-de-posgrado\/formacion-de-rrhh\/","title":{"rendered":"Formaci\u00f3n de RRHH"},"content":{"rendered":"<div class=\"entry-content\" itemprop=\"text\">\n<ul>\n<li>Ricardo Luis Armentano Co Orientador BECA doctoral ANII y de Tesis del Ing Jorge Mart\u00edn P\u00e9rez Zerpa quien se encuentra realizando el doctorado de ciencias estructurales de la Facultad de Ingenier\u00eda, UdelaR. Desarrollo de herramienta computacional para soluci\u00f3n de problemas inversos asociados al diagn\u00f3stico de Ateroesclerosis. En preparaci\u00f3n para la defensa.<\/li>\n<\/ul>\n<ul>\n<li>Ricardo Luis Armentano Co Orientador Tesis del Ing German Fierro quien se encuentra realizando el doctorado en IIE de la Facultad de Ingenier\u00eda, UdelaR. 2015.<\/li>\n<\/ul>\n<ul>\n<li>Ricardo Luis Armentano Orientador BECA doctoral ANII y de Tesis del MSc Ing Diego Suarez Bagnasco quien se encuentra realizando el doctorado de Ciencias Biol\u00f3gicas del PEDECIBA. Contribuciones al estudio de la interacci\u00f3n pared arterial-fluido en arterias y su vinculaci\u00f3n con las propiedades biomec\u00e1nicas del vaso en condiciones normales y patol\u00f3gicas. En preparaci\u00f3n para la defensa.<\/li>\n<\/ul>\n<ul>\n<li>Ricardo Luis Armentano Co Orientador Tesis Doctoral PEDECIBA FISICA del Lic Guillermo Balay Estudio te\u00f3rico-experimental de la din\u00e1mica cardiovascular. PEDECIBA. Uruguay (en desarrollo).<\/li>\n<\/ul>\n<ul>\n<li>Ricardo Luis Armentano Director Beca Bicentenario de Investigaci\u00f3n y Posgrado para realizaci\u00f3n de estudios doctorales. Universidad Tecnol\u00f3gica Nacional. Argentina. Alumno: Manuel Alfonso. 2011-2014.<\/li>\n<\/ul>\n<ul>\n<li>Ricardo Luis Armentano Tutor para la realizaci\u00f3n de la Licenciatura en Biologia Humana. Estudiante: Patricia Polero. CENUR. Universidad de la Rep\u00fablica. Uruguay 2014-2015.<\/li>\n<\/ul>\n<ul>\n<li>Ricardo Luis Armentano Co Orientador de Tesis de Maestr\u00eda. Agustina Pieruccioni Banchero. SCAPA. Facultad de Ingenier\u00eda, UdelaR 2015.<\/li>\n<\/ul>\n<ul>\n<li>Ricardo Luis Armentano Co Orientador de Tesis de Maestr\u00eda. Gabriela Olivera y Luna. SCAPA. Facultad de Ingenier\u00eda, UdelaR 2015.<\/li>\n<\/ul>\n\n\n<\/div>\n","protected":false},"excerpt":{"rendered":"<div class=\"entry-summary\" itemprop=\"text\">\n<p>Ricardo Luis Armentano Co Orientador BECA doctoral ANII y de Tesis del Ing Jorge Mart\u00edn P\u00e9rez Zerpa quien se encuentra realizando el doctorado de ciencias estructurales de la Facultad de Ingenier\u00eda, UdelaR. Desarrollo de herramienta computacional para soluci\u00f3n de problemas inversos asociados al diagn\u00f3stico de Ateroesclerosis. En preparaci\u00f3n para la defensa. Ricardo Luis Armentano Co &#8230;<\/p>\n\n<\/div>\n","protected":false},"author":1,"featured_media":0,"parent":62,"menu_order":0,"comment_status":"closed","ping_status":"closed","template":"","meta":{"footnotes":""},"class_list":["post-1563","page","type-page","status-publish","hentry","entry-lead"],"_links":{"self":[{"href":"https:\/\/ingbio.paap.cup.edu.uy\/index.php\/wp-json\/wp\/v2\/pages\/1563","targetHints":{"allow":["GET"]}}],"collection":[{"href":"https:\/\/ingbio.paap.cup.edu.uy\/index.php\/wp-json\/wp\/v2\/pages"}],"about":[{"href":"https:\/\/ingbio.paap.cup.edu.uy\/index.php\/wp-json\/wp\/v2\/types\/page"}],"author":[{"embeddable":true,"href":"https:\/\/ingbio.paap.cup.edu.uy\/index.php\/wp-json\/wp\/v2\/users\/1"}],"replies":[{"embeddable":true,"href":"https:\/\/ingbio.paap.cup.edu.uy\/index.php\/wp-json\/wp\/v2\/comments?post=1563"}],"version-history":[{"count":1,"href":"https:\/\/ingbio.paap.cup.edu.uy\/index.php\/wp-json\/wp\/v2\/pages\/1563\/revisions"}],"predecessor-version":[{"id":1564,"href":"https:\/\/ingbio.paap.cup.edu.uy\/index.php\/wp-json\/wp\/v2\/pages\/1563\/revisions\/1564"}],"up":[{"embeddable":true,"href":"https:\/\/ingbio.paap.cup.edu.uy\/index.php\/wp-json\/wp\/v2\/pages\/62"}],"wp:attachment":[{"href":"https:\/\/ingbio.paap.cup.edu.uy\/index.php\/wp-json\/wp\/v2\/media?parent=1563"}],"curies":[{"name":"wp","href":"https:\/\/api.w.org\/{rel}","templated":true}]}}